[INFO] cloning repository https://github.com/Alex6323/libp2p-swarm-listening-in-memory
[INFO] running `Command { std: "git" "-c" "credential.helper=" "-c" "credential.helper=/workspace/cargo-home/bin/git-credential-null" "clone" "--bare" "https://github.com/Alex6323/libp2p-swarm-listening-in-memory" "/workspace/cache/git-repos/https%3A%2F%2Fgithub.com%2FAlex6323%2Flibp2p-swarm-listening-in-memory", kill_on_drop: false }`
[INFO] [stderr] Cloning into bare repository '/workspace/cache/git-repos/https%3A%2F%2Fgithub.com%2FAlex6323%2Flibp2p-swarm-listening-in-memory'...
[INFO] running `Command { std: "git" "rev-parse" "HEAD", kill_on_drop: false }`
[INFO] [stdout] 9a586cb226613e51a8b20c7b80bfe9b7b29c783f
[INFO] checking Alex6323/libp2p-swarm-listening-in-memory against master#9610dfe5a9a731ced1ea4923ecbd0c57fe367898 for beta-170-4
[INFO] running `Command { std: "git" "clone" "/workspace/cache/git-repos/https%3A%2F%2Fgithub.com%2FAlex6323%2Flibp2p-swarm-listening-in-memory" "/workspace/builds/worker-1-tc1/source", kill_on_drop: false }`
[INFO] [stderr] Cloning into '/workspace/builds/worker-1-tc1/source'...
[INFO] [stderr] done.
[INFO] validating manifest of git repo https://github.com/Alex6323/libp2p-swarm-listening-in-memory on toolchain 9610dfe5a9a731ced1ea4923ecbd0c57fe367898
[INFO] running `Command { std: CARGO_HOME="/workspace/cargo-home" RUSTUP_HOME="/workspace/rustup-home" "/workspace/cargo-home/bin/cargo" "+9610dfe5a9a731ced1ea4923ecbd0c57fe367898" "metadata" "--manifest-path" "Cargo.toml" "--no-deps", kill_on_drop: false }`
[INFO] started tweaking git repo https://github.com/Alex6323/libp2p-swarm-listening-in-memory
[INFO] finished tweaking git repo https://github.com/Alex6323/libp2p-swarm-listening-in-memory
[INFO] tweaked toml for git repo https://github.com/Alex6323/libp2p-swarm-listening-in-memory written to /workspace/builds/worker-1-tc1/source/Cargo.toml
[INFO] crate git repo https://github.com/Alex6323/libp2p-swarm-listening-in-memory already has a lockfile, it will not be regenerated
[INFO] running `Command { std: CARGO_HOME="/workspace/cargo-home" RUSTUP_HOME="/workspace/rustup-home" "/workspace/cargo-home/bin/cargo" "+9610dfe5a9a731ced1ea4923ecbd0c57fe367898" "fetch" "--manifest-path" "Cargo.toml", kill_on_drop: false }`
[INFO] [stderr]     Updating crates.io index
[INFO] [stderr]  Downloading crates ...
[INFO] [stderr]   Downloaded multihash v0.16.3
[INFO] [stderr]   Downloaded multistream-select v0.11.0
[INFO] [stderr]   Downloaded signature v1.6.3
[INFO] [stderr]   Downloaded libp2p-websocket v0.36.0
[INFO] [stderr]   Downloaded soketto v0.7.1
[INFO] [stderr]   Downloaded async-global-executor v2.3.0
[INFO] [stderr]   Downloaded libp2p-uds v0.33.0
[INFO] [stderr]   Downloaded libp2p-wasm-ext v0.34.0
[INFO] [stderr]   Downloaded ed25519 v1.5.2
[INFO] [stderr]   Downloaded prometheus-client-derive-text-encode v0.2.0
[INFO] [stderr]   Downloaded libp2p-mplex v0.34.0
[INFO] [stderr]   Downloaded libp2p-relay v0.10.0
[INFO] [stderr]   Downloaded libp2p-autonat v0.5.0
[INFO] [stderr]   Downloaded libp2p-tcp v0.34.0
[INFO] [stderr]   Downloaded prost v0.10.4
[INFO] [stderr]   Downloaded netlink-packet-utils v0.5.1
[INFO] [stderr]   Downloaded libp2p-pnet v0.22.0
[INFO] [stderr]   Downloaded prost-codec v0.1.0
[INFO] [stderr]   Downloaded libp2p-request-response v0.19.0
[INFO] [stderr]   Downloaded libp2p-swarm-derive v0.28.0
[INFO] [stderr]   Downloaded async-std-resolver v0.21.2
[INFO] [stderr]   Downloaded libp2p-deflate v0.34.0
[INFO] [stderr]   Downloaded libp2p-gossipsub v0.39.0
[INFO] [stderr]   Downloaded dtoa v1.0.3
[INFO] [stderr]   Downloaded hex_fmt v0.3.0
[INFO] [stderr]   Downloaded libp2p-identify v0.37.0
[INFO] [stderr]   Downloaded libp2p-swarm v0.37.0
[INFO] [stderr]   Downloaded enum-as-inner v0.4.0
[INFO] [stderr]   Downloaded curve25519-dalek v4.0.0-pre.2
[INFO] [stderr]   Downloaded trust-dns-proto v0.21.2
[INFO] [stderr]   Downloaded parity-send-wrapper v0.1.0
[INFO] [stderr]   Downloaded trust-dns-resolver v0.21.2
[INFO] [stderr]   Downloaded libp2p-noise v0.37.0
[INFO] [stderr]   Downloaded polling v2.3.0
[INFO] [stderr]   Downloaded async-channel v1.7.1
[INFO] [stderr]   Downloaded async-process v1.5.0
[INFO] [stderr]   Downloaded if-watch v1.1.1
[INFO] [stderr]   Downloaded bimap v0.6.2
[INFO] [stderr]   Downloaded multiaddr v0.14.0
[INFO] [stderr]   Downloaded snow v0.9.0
[INFO] [stderr]   Downloaded prost-build v0.10.4
[INFO] [stderr]   Downloaded libp2p-kad v0.38.0
[INFO] [stderr]   Downloaded libp2p-plaintext v0.34.0
[INFO] [stderr]   Downloaded cuckoofilter v0.5.0
[INFO] [stderr]   Downloaded libp2p-metrics v0.7.0
[INFO] [stderr]   Downloaded netlink-sys v0.8.3
[INFO] [stderr]   Downloaded libp2p-core v0.34.0
[INFO] [stderr]   Downloaded libp2p-yamux v0.38.0
[INFO] [stderr]   Downloaded async-io v1.9.0
[INFO] [stderr]   Downloaded prost-derive v0.10.1
[INFO] [stderr]   Downloaded libp2p v0.46.1
[INFO] [stderr]   Downloaded prost-types v0.10.1
[INFO] [stderr]   Downloaded multihash-derive v0.8.0
[INFO] [stderr]   Downloaded asynchronous-codec v0.6.0
[INFO] [stderr]   Downloaded libp2p-dns v0.34.0
[INFO] [stderr]   Downloaded libp2p-floodsub v0.37.0
[INFO] [stderr]   Downloaded libp2p-mdns v0.38.0
[INFO] [stderr]   Downloaded prometheus-client v0.16.0
[INFO] [stderr]   Downloaded libp2p-rendezvous v0.7.0
[INFO] [stderr]   Downloaded libp2p-ping v0.37.0
[INFO] running `Command { std: "docker" "create" "-v" "/var/lib/crater-agent-workspace/builds/worker-1-tc1/target:/opt/rustwide/target:rw,Z" "-v" "/var/lib/crater-agent-workspace/builds/worker-1-tc1/source:/opt/rustwide/workdir:ro,Z" "-v" "/var/lib/crater-agent-workspace/cargo-home:/opt/rustwide/cargo-home:ro,Z" "-v" "/var/lib/crater-agent-workspace/rustup-home:/opt/rustwide/rustup-home:ro,Z" "-e" "SOURCE_DIR=/opt/rustwide/workdir" "-e" "CARGO_TARGET_DIR=/opt/rustwide/target" "-e" "CARGO_HOME=/opt/rustwide/cargo-home" "-e" "RUSTUP_HOME=/opt/rustwide/rustup-home" "-w" "/opt/rustwide/workdir" "-m" "1610612736" "--user" "0:0" "--network" "none" "ghcr.io/rust-lang/crates-build-env/linux@sha256:19e73879b68f455e41552ea35293514db52ea292d993f571636dbffedb77a1ee" "/opt/rustwide/cargo-home/bin/cargo" "+9610dfe5a9a731ced1ea4923ecbd0c57fe367898" "metadata" "--no-deps" "--format-version=1", kill_on_drop: false }`
[INFO] [stdout] 82518b161363aaea9c732ae02eeff66845e077b45ffd7b9ec578b517e9cdf5f2
[INFO] running `Command { std: "docker" "start" "-a" "82518b161363aaea9c732ae02eeff66845e077b45ffd7b9ec578b517e9cdf5f2", kill_on_drop: false }`
[INFO] running `Command { std: "docker" "inspect" "82518b161363aaea9c732ae02eeff66845e077b45ffd7b9ec578b517e9cdf5f2", kill_on_drop: false }`
[INFO] running `Command { std: "docker" "rm" "-f" "82518b161363aaea9c732ae02eeff66845e077b45ffd7b9ec578b517e9cdf5f2", kill_on_drop: false }`
[INFO] [stdout] 82518b161363aaea9c732ae02eeff66845e077b45ffd7b9ec578b517e9cdf5f2
[INFO] running `Command { std: "docker" "create" "-v" "/var/lib/crater-agent-workspace/builds/worker-1-tc1/target:/opt/rustwide/target:rw,Z" "-v" "/var/lib/crater-agent-workspace/builds/worker-1-tc1/source:/opt/rustwide/workdir:ro,Z" "-v" "/var/lib/crater-agent-workspace/cargo-home:/opt/rustwide/cargo-home:ro,Z" "-v" "/var/lib/crater-agent-workspace/rustup-home:/opt/rustwide/rustup-home:ro,Z" "-e" "SOURCE_DIR=/opt/rustwide/workdir" "-e" "CARGO_TARGET_DIR=/opt/rustwide/target" "-e" "CARGO_INCREMENTAL=0" "-e" "RUST_BACKTRACE=full" "-e" "RUSTFLAGS=--cap-lints=forbid" "-e" "RUSTDOCFLAGS=--cap-lints=forbid" "-e" "CARGO_HOME=/opt/rustwide/cargo-home" "-e" "RUSTUP_HOME=/opt/rustwide/rustup-home" "-w" "/opt/rustwide/workdir" "-m" "1610612736" "--user" "0:0" "--network" "none" "ghcr.io/rust-lang/crates-build-env/linux@sha256:19e73879b68f455e41552ea35293514db52ea292d993f571636dbffedb77a1ee" "/opt/rustwide/cargo-home/bin/cargo" "+9610dfe5a9a731ced1ea4923ecbd0c57fe367898" "check" "--frozen" "--all" "--all-targets" "--message-format=json", kill_on_drop: false }`
[INFO] [stdout] 7b05f7a7350b41bfc45ccc460276847abb0262855f395f475f0bfef1b53d5e28
[INFO] running `Command { std: "docker" "start" "-a" "7b05f7a7350b41bfc45ccc460276847abb0262855f395f475f0bfef1b53d5e28", kill_on_drop: false }`
[INFO] [stderr]    Compiling proc-macro2 v1.0.43
[INFO] [stderr]    Compiling unicode-ident v1.0.4
[INFO] [stderr]    Compiling quote v1.0.21
[INFO] [stderr]    Compiling syn v1.0.100
[INFO] [stderr]    Compiling libc v0.2.133
[INFO] [stderr]    Compiling cc v1.0.73
[INFO] [stderr]    Compiling anyhow v1.0.65
[INFO] [stderr]    Compiling typenum v1.15.0
[INFO] [stderr]    Compiling futures-core v0.3.24
[INFO] [stderr]    Compiling either v1.8.0
[INFO] [stderr]     Checking futures-io v0.3.24
[INFO] [stderr]    Compiling slab v0.4.7
[INFO] [stderr]    Compiling generic-array v0.14.6
[INFO] [stderr]    Compiling log v0.4.17
[INFO] [stderr]    Compiling heck v0.4.0
[INFO] [stderr]     Checking once_cell v1.15.0
[INFO] [stderr]    Compiling indexmap v1.9.1
[INFO] [stderr]    Compiling itertools v0.10.5
[INFO] [stderr]    Compiling bytes v1.2.1
[INFO] [stderr]    Compiling futures-task v0.3.24
[INFO] [stderr]     Checking futures-sink v0.3.24
[INFO] [stderr]    Compiling hashbrown v0.12.3
[INFO] [stderr]    Compiling futures-channel v0.3.24
[INFO] [stderr]    Compiling value-bag v1.0.0-alpha.9
[INFO] [stderr]    Compiling futures-util v0.3.24
[INFO] [stderr]    Compiling fastrand v1.8.0
[INFO] [stderr]    Compiling fixedbitset v0.4.2
[INFO] [stderr]    Compiling regex-syntax v0.6.27
[INFO] [stderr]    Compiling cmake v0.1.48
[INFO] [stderr]    Compiling remove_dir_all v0.5.3
[INFO] [stderr]    Compiling multimap v0.8.3
[INFO] [stderr]    Compiling thiserror v1.0.35
[INFO] [stderr]     Checking byteorder v1.4.3
[INFO] [stderr]     Checking ppv-lite86 v0.2.16
[INFO] [stderr]     Checking smallvec v1.9.0
[INFO] [stderr]    Compiling which v4.3.0
[INFO] [stderr]    Compiling tempfile v3.3.0
[INFO] [stderr]    Compiling getrandom v0.1.16
[INFO] [stderr]     Checking subtle v2.4.1
[INFO] [stderr]    Compiling unicode-xid v0.2.4
[INFO] [stderr]    Compiling crunchy v0.2.2
[INFO] [stderr]     Checking cpufeatures v0.2.5
[INFO] [stderr]     Checking block-padding v0.2.1
[INFO] [stderr]     Checking unicode-normalization v0.1.22
[INFO] [stderr]    Compiling serde v1.0.144
[INFO] [stderr]    Compiling prost-build v0.10.4
[INFO] [stderr]    Compiling ring v0.16.20
[INFO] [stderr]     Checking opaque-debug v0.3.0
[INFO] [stderr]    Compiling proc-macro-error-attr v1.0.4
[INFO] [stderr]    Compiling serde_derive v1.0.144
[INFO] [stderr]    Compiling petgraph v0.6.2
[INFO] [stderr]     Checking getrandom v0.2.7
[INFO] [stderr]     Checking num_cpus v1.13.1
[INFO] [stderr]     Checking parking_lot_core v0.9.3
[INFO] [stderr]     Checking static_assertions v1.1.0
[INFO] [stderr]     Checking data-encoding v2.3.2
[INFO] [stderr]     Checking rand_core v0.6.4
[INFO] [stderr]     Checking rand_core v0.5.1
[INFO] [stderr]     Checking idna v0.3.0
[INFO] [stderr]    Compiling regex v1.6.0
[INFO] [stderr]     Checking core2 v0.4.0
[INFO] [stderr]     Checking parking_lot v0.12.1
[INFO] [stderr]     Checking rand_chacha v0.3.1
[INFO] [stderr]     Checking rand_chacha v0.2.2
[INFO] [stderr]     Checking arrayref v0.3.6
[INFO] [stderr]     Checking signature v1.6.3
[INFO] [stderr]     Checking base64 v0.13.0
[INFO] [stderr]     Checking ed25519 v1.5.2
[INFO] [stderr]     Checking bs58 v0.4.0
[INFO] [stderr]     Checking digest v0.9.0
[INFO] [stderr]     Checking block-buffer v0.9.0
[INFO] [stderr]     Checking rand v0.8.5
[INFO] [stderr]     Checking block-buffer v0.10.3
[INFO] [stderr]     Checking crypto-common v0.1.6
[INFO] [stderr]     Checking rand v0.7.3
[INFO] [stderr]     Checking crypto-mac v0.8.0
[INFO] [stderr]     Checking sha2 v0.9.9
[INFO] [stderr]     Checking libsecp256k1-core v0.3.0
[INFO] [stderr]     Checking futures-timer v3.0.2
[INFO] [stderr]     Checking digest v0.10.5
[INFO] [stderr]     Checking hmac v0.8.1
[INFO] [stderr]     Checking asn1_der v0.7.5
[INFO] [stderr]     Checking url v2.3.1
[INFO] [stderr]     Checking cache-padded v1.2.0
[INFO] [stderr]     Checking hmac-drbg v0.3.0
[INFO] [stderr]     Checking sha2 v0.10.6
[INFO] [stderr]     Checking concurrent-queue v1.2.4
[INFO] [stderr]     Checking parking v2.0.0
[INFO] [stderr]     Checking waker-fn v1.1.0
[INFO] [stderr]    Compiling polling v2.3.0
[INFO] [stderr]     Checking futures-lite v1.12.0
[INFO] [stderr]    Compiling async-io v1.9.0
[INFO] [stderr]     Checking socket2 v0.4.7
[INFO] [stderr]     Checking event-listener v2.5.3
[INFO] [stderr]     Checking async-task v4.3.0
[INFO] [stderr]     Checking atomic-waker v1.0.0
[INFO] [stderr]    Compiling wasm-bindgen-shared v0.2.83
[INFO] [stderr]     Checking async-channel v1.7.1
[INFO] [stderr]     Checking async-lock v2.5.0
[INFO] [stderr]    Compiling paste v1.0.9
[INFO] [stderr]    Compiling async-trait v0.1.57
[INFO] [stderr]    Compiling tokio v1.21.1
[INFO] [stderr]     Checking ipnet v2.5.0
[INFO] [stderr]    Compiling semver v1.0.14
[INFO] [stderr]    Compiling bumpalo v3.11.0
[INFO] [stderr]    Compiling signal-hook v0.3.14
[INFO] [stderr]    Compiling libz-sys v1.1.8
[INFO] [stderr]     Checking signal-hook-registry v1.4.0
[INFO] [stderr]    Compiling async-process v1.5.0
[INFO] [stderr]    Compiling libsecp256k1-gen-genmult v0.3.0
[INFO] [stderr]    Compiling libsecp256k1-gen-ecmult v0.3.0
[INFO] [stderr]    Compiling crossbeam-utils v0.8.11
[INFO] [stderr]     Checking async-executor v1.4.1
[INFO] [stderr]     Checking blocking v1.2.0
[INFO] [stderr]     Checking ahash v0.7.6
[INFO] [stderr]    Compiling wasm-bindgen v0.2.83
[INFO] [stderr]     Checking match_cfg v0.1.0
[INFO] [stderr]     Checking miniz_oxide v0.5.4
[INFO] [stderr]     Checking idna v0.2.3
[INFO] [stderr]     Checking hostname v0.3.1
[INFO] [stderr]     Checking nix v0.24.2
[INFO] [stderr]    Compiling rustls v0.20.6
[INFO] [stderr]    Compiling httparse v1.8.0
[INFO] [stderr]     Checking linked-hash-map v0.5.6
[INFO] [stderr]     Checking resolv-conf v0.7.0
[INFO] [stderr]    Compiling rustc_version v0.4.0
[INFO] [stderr]     Checking parking_lot_core v0.8.5
[INFO] [stderr]     Checking lru-cache v0.1.2
[INFO] [stderr]     Checking stable_deref_trait v1.2.0
[INFO] [stderr]    Compiling libsecp256k1 v0.7.1
[INFO] [stderr]     Checking sha-1 v0.9.8
[INFO] [stderr]     Checking cipher v0.3.0
[INFO] [stderr]     Checking owning_ref v0.4.1
[INFO] [stderr]     Checking aho-corasick v0.7.19
[INFO] [stderr]     Checking parking_lot v0.11.2
[INFO] [stderr]     Checking hex v0.4.3
[INFO] [stderr]     Checking flate2 v1.0.24
[INFO] [stderr]     Checking keccak v0.1.2
[INFO] [stderr]     Checking itoa v1.0.3
[INFO] [stderr]    Compiling snow v0.9.0
[INFO] [stderr]     Checking dtoa v1.0.3
[INFO] [stderr]     Checking quicksink v0.1.2
[INFO] [stderr]     Checking salsa20 v0.9.0
[INFO] [stderr]     Checking sha3 v0.9.1
[INFO] [stderr]     Checking dns-parser v0.8.0
[INFO] [stderr]     Checking cuckoofilter v0.5.0
[INFO] [stderr]     Checking arrayvec v0.7.2
[INFO] [stderr]     Checking uint v0.9.4
[INFO] [stderr]     Checking hex_fmt v0.3.0
[INFO] [stderr]     Checking lru v0.7.8
[INFO] [stderr]     Checking parity-send-wrapper v0.1.0
[INFO] [stderr]     Checking bimap v0.6.2
[INFO] [stderr]     Checking dashmap v5.4.0
[INFO] [stderr]     Checking fslock v0.2.1
[INFO] [stderr]     Checking libp2p-with-serial-test v0.1.0 (/opt/rustwide/workdir)
[INFO] [stdout] error[E0433]: failed to resolve: use of undeclared crate or module `libp2p`
[INFO] [stdout]  --> src/main.rs:3:5
[INFO] [stdout]   |
[INFO] [stdout] 3 | use libp2p::{
[INFO] [stdout]   |     ^^^^^^ use of undeclared crate or module `libp2p`
[INFO] [stdout] 
[INFO] [stdout] 
[INFO] [stdout] error[E0432]: unresolved import `libp2p`
[INFO] [stdout]  --> src/main.rs:3:5
[INFO] [stdout]   |
[INFO] [stdout] 3 | use libp2p::{
[INFO] [stdout]   |     ^^^^^^ use of undeclared crate or module `libp2p`
[INFO] [stdout] 
[INFO] [stdout] 
[INFO] [stdout] error[E0433]: failed to resolve: use of undeclared crate or module `tokio`
[INFO] [stdout]   --> src/main.rs:16:3
[INFO] [stdout]    |
[INFO] [stdout] 16 | #[tokio::test]
[INFO] [stdout]    |   ^^^^^ use of undeclared crate or module `tokio`
[INFO] [stdout] 
[INFO] [stdout] 
[INFO] [stdout] error[E0433]: failed to resolve: use of undeclared crate or module `serial_test`
[INFO] [stdout]   --> src/main.rs:17:3
[INFO] [stdout]    |
[INFO] [stdout] 17 | #[serial_test::serial]
[INFO] [stdout]    |   ^^^^^^^^^^^ use of undeclared crate or module `serial_test`
[INFO] [stdout] 
[INFO] [stdout] 
[INFO] [stdout] error[E0433]: failed to resolve: use of undeclared crate or module `tokio`
[INFO] [stdout]   --> src/main.rs:25:3
[INFO] [stdout]    |
[INFO] [stdout] 25 | #[tokio::test]
[INFO] [stdout]    |   ^^^^^ use of undeclared crate or module `tokio`
[INFO] [stdout] 
[INFO] [stdout] 
[INFO] [stdout] error[E0433]: failed to resolve: use of undeclared crate or module `serial_test`
[INFO] [stdout]   --> src/main.rs:26:3
[INFO] [stdout]    |
[INFO] [stdout] 26 | #[serial_test::serial]
[INFO] [stdout]    |   ^^^^^^^^^^^ use of undeclared crate or module `serial_test`
[INFO] [stdout] 
[INFO] [stdout] 
[INFO] [stdout] error: cannot determine resolution for the derive macro `NetworkBehaviour`
[INFO] [stdout]   --> src/main.rs:84:10
[INFO] [stdout]    |
[INFO] [stdout] 84 | #[derive(NetworkBehaviour)]
[INFO] [stdout]    |          ^^^^^^^^^^^^^^^^
[INFO] [stdout]    |
[INFO] [stdout]    = note: import resolution is stuck, try simplifying macro imports
[INFO] [stdout] 
[INFO] [stdout] 
[INFO] [stdout] error: cannot find attribute `behaviour` in this scope
[INFO] [stdout]   --> src/main.rs:85:3
[INFO] [stdout]    |
[INFO] [stdout] 85 | #[behaviour(out_event = "SwarmBehaviourEvent")]
[INFO] [stdout]    |   ^^^^^^^^^
[INFO] [stdout] 
[INFO] [stdout] 
[INFO] [stdout] error[E0433]: failed to resolve: use of undeclared crate or module `tokio`
[INFO] [stdout]   --> src/main.rs:21:5
[INFO] [stdout]    |
[INFO] [stdout] 21 |     tokio::time::sleep(Duration::from_secs(1)).await;
[INFO] [stdout]    |     ^^^^^ use of undeclared crate or module `tokio`
[INFO] [stdout] 
[INFO] [stdout] 
[INFO] [stdout] error[E0433]: failed to resolve: use of undeclared crate or module `tokio`
[INFO] [stdout]   --> src/main.rs:30:5
[INFO] [stdout]    |
[INFO] [stdout] 30 |     tokio::time::sleep(Duration::from_secs(1)).await;
[INFO] [stdout]    |     ^^^^^ use of undeclared crate or module `tokio`
[INFO] [stdout] 
[INFO] [stdout] 
[INFO] [stdout] error: aborting due to 10 previous errors
[INFO] [stdout] 
[INFO] [stdout] 
[INFO] [stdout] Some errors have detailed explanations: E0432, E0433.
[INFO] [stdout] 
[INFO] [stdout] For more information about an error, try `rustc --explain E0432`.
[INFO] [stdout] 
[INFO] [stderr] error: could not compile `libp2p-with-serial-test` (bin "libp2p-with-serial-test") due to 11 previous errors
[INFO] [stderr] warning: build failed, waiting for other jobs to finish...
[INFO] running `Command { std: "docker" "inspect" "7b05f7a7350b41bfc45ccc460276847abb0262855f395f475f0bfef1b53d5e28", kill_on_drop: false }`
[INFO] running `Command { std: "docker" "rm" "-f" "7b05f7a7350b41bfc45ccc460276847abb0262855f395f475f0bfef1b53d5e28", kill_on_drop: false }`
[INFO] [stdout] 7b05f7a7350b41bfc45ccc460276847abb0262855f395f475f0bfef1b53d5e28
